{"id":1544,"date":"2023-10-18T12:22:21","date_gmt":"2023-10-18T15:22:21","guid":{"rendered":"https:\/\/ateliemoldexato.com.br\/?post_type=product&#038;p=1544"},"modified":"2023-10-18T12:27:28","modified_gmt":"2023-10-18T15:27:28","slug":"vestido-midi-evase-2","status":"publish","type":"product","link":"https:\/\/ateliemoldexato.com.br\/?product=vestido-midi-evase-2","title":{"rendered":"Vestido Midi Evas\u00ea"},"content":{"rendered":"<p><strong>Molde de vestido adulto midi evas\u00ea com fendas laterais, al\u00e7as largas e bojo drapeado com fivela.<\/strong><\/p>\n<p><strong>Tecido: 1,70m viscose, viscolinho, algod\u00e3o leve ou poli\u00e9ster leve.<\/strong><\/p>\n<p><strong>Aviamentos: 1 fivela larga\/ 40cm el\u00e1stico de 1cm \/ 22 cm el\u00e1stico de 2cm.<\/strong><\/p>\n<p><a href=\"https:\/\/www.instagram.com\/p\/CygxmSGO9Z9\/?igshid=MzRlODBiNWFlZA%3D%3D\" target=\"_blank\" rel=\"noopener\"><strong>Veja a pe\u00e7a real aqui.<\/strong><\/a><\/p>\n","protected":false},"excerpt":{"rendered":"<p><strong>Molde de vestido adulto midi evas\u00ea com fendas laterais, al\u00e7as largas e bojo drapeado com fivela.<\/strong><\/p>\n<p><strong>Tecido: 1,70m viscose, viscolinho, algod\u00e3o leve ou poli\u00e9ster leve.<\/strong><\/p>\n<p><strong>Aviamentos: 1 fivela larga\/ 40cm el\u00e1stico de 1cm \/ 22 cm el\u00e1stico de 2cm.<\/strong><\/p>\n","protected":false},"featured_media":1539,"comment_status":"open","ping_status":"closed","template":"","meta":[],"product_cat":[19,29],"product_tag":[],"_links":{"self":[{"href":"https:\/\/ateliemoldexato.com.br\/index.php?rest_route=\/wp\/v2\/product\/1544"}],"collection":[{"href":"https:\/\/ateliemoldexato.com.br\/index.php?rest_route=\/wp\/v2\/product"}],"about":[{"href":"https:\/\/ateliemoldexato.com.br\/index.php?rest_route=\/wp\/v2\/types\/product"}],"replies":[{"embeddable":true,"href":"https:\/\/ateliemoldexato.com.br\/index.php?rest_route=%2Fwp%2Fv2%2Fcomments&post=1544"}],"wp:featuredmedia":[{"embeddable":true,"href":"https:\/\/ateliemoldexato.com.br\/index.php?rest_route=\/wp\/v2\/media\/1539"}],"wp:attachment":[{"href":"https:\/\/ateliemoldexato.com.br\/index.php?rest_route=%2Fwp%2Fv2%2Fmedia&parent=1544"}],"wp:term":[{"taxonomy":"product_cat","embeddable":true,"href":"https:\/\/ateliemoldexato.com.br\/index.php?rest_route=%2Fwp%2Fv2%2Fproduct_cat&post=1544"},{"taxonomy":"product_tag","embeddable":true,"href":"https:\/\/ateliemoldexato.com.br\/index.php?rest_route=%2Fwp%2Fv2%2Fproduct_tag&post=1544"}],"curies":[{"name":"wp","href":"https:\/\/api.w.org\/{rel}","templated":true}]}}