{"id":1237,"date":"2023-09-16T17:55:36","date_gmt":"2023-09-16T20:55:36","guid":{"rendered":"https:\/\/ateliemoldexato.com.br\/?post_type=product&#038;p=1237"},"modified":"2023-10-08T09:26:09","modified_gmt":"2023-10-08T12:26:09","slug":"pijama-hospitalar-masculino","status":"publish","type":"product","link":"https:\/\/ateliemoldexato.com.br\/?product=pijama-hospitalar-masculino","title":{"rendered":"Pijama Hospitalar Masculino"},"content":{"rendered":"<p><strong>Molde de pijama hospitalar masculino blusa manga curta com decote V e bolsos, cal\u00e7a c\u00f3s el\u00e1stico, bolso frente e costas.<\/strong><\/p>\n<p><strong>Tecido: 2,5 metros de gabardine,oxford, oxfordine, microfibra ou algod\u00e3o leve.<\/strong><\/p>\n<p><strong>Aviamentos: 80 cm de el\u00e1stico com 4cm de largura.<\/strong><\/p>\n<p><a href=\"https:\/\/www.instagram.com\/p\/CxL8-tWuqzu\/?igshid=MzRlODBiNWFlZA==\" target=\"_blank\" rel=\"noopener\"><strong>Veja a pe\u00e7a real aqui.<\/strong><\/a><\/p>\n","protected":false},"excerpt":{"rendered":"<p><strong>Molde de pijama hospitalar masculino blusa manga curta com decote V e bolsos, cal\u00e7a c\u00f3s el\u00e1stico, bolso frente e costas.<\/strong><\/p>\n<p><strong>Tecido: 2,5 metros de gabardine,oxford, oxfordine, microfibra ou algod\u00e3o leve.<\/strong><\/p>\n<p><strong>Aviamentos: 80 cm de el\u00e1stico com 4cm de largura.<\/strong><\/p>\n","protected":false},"featured_media":1243,"comment_status":"open","ping_status":"closed","template":"","meta":[],"product_cat":[28],"product_tag":[],"_links":{"self":[{"href":"https:\/\/ateliemoldexato.com.br\/index.php?rest_route=\/wp\/v2\/product\/1237"}],"collection":[{"href":"https:\/\/ateliemoldexato.com.br\/index.php?rest_route=\/wp\/v2\/product"}],"about":[{"href":"https:\/\/ateliemoldexato.com.br\/index.php?rest_route=\/wp\/v2\/types\/product"}],"replies":[{"embeddable":true,"href":"https:\/\/ateliemoldexato.com.br\/index.php?rest_route=%2Fwp%2Fv2%2Fcomments&post=1237"}],"wp:featuredmedia":[{"embeddable":true,"href":"https:\/\/ateliemoldexato.com.br\/index.php?rest_route=\/wp\/v2\/media\/1243"}],"wp:attachment":[{"href":"https:\/\/ateliemoldexato.com.br\/index.php?rest_route=%2Fwp%2Fv2%2Fmedia&parent=1237"}],"wp:term":[{"taxonomy":"product_cat","embeddable":true,"href":"https:\/\/ateliemoldexato.com.br\/index.php?rest_route=%2Fwp%2Fv2%2Fproduct_cat&post=1237"},{"taxonomy":"product_tag","embeddable":true,"href":"https:\/\/ateliemoldexato.com.br\/index.php?rest_route=%2Fwp%2Fv2%2Fproduct_tag&post=1237"}],"curies":[{"name":"wp","href":"https:\/\/api.w.org\/{rel}","templated":true}]}}