{"id":1166,"date":"2023-09-16T10:05:36","date_gmt":"2023-09-16T13:05:36","guid":{"rendered":"https:\/\/ateliemoldexato.com.br\/?post_type=product&#038;p=1166"},"modified":"2023-10-08T09:28:36","modified_gmt":"2023-10-08T12:28:36","slug":"calca-pantalona","status":"publish","type":"product","link":"https:\/\/ateliemoldexato.com.br\/?product=calca-pantalona","title":{"rendered":"Cal\u00e7a Pantalona"},"content":{"rendered":"<p><strong>Molde de cal\u00e7a pantalona adulto, z\u00edper na lateral.<\/strong><\/p>\n<p><strong>Tecido: 1,70m viscose, viscolinho,linho leve,algod\u00e3o leve ou poli\u00e9ster leve.<\/strong><\/p>\n<p><strong>Aviamentos: 1 z\u00edper de 25cm \/ 20 cm de entretela adesiva.<\/strong><\/p>\n","protected":false},"excerpt":{"rendered":"<p><strong>Molde de cal\u00e7a pantalona adulto, z\u00edper na lateral.<\/strong><\/p>\n<p><strong>Tecido: 1,70m viscose, viscolinho,linho leve,algod\u00e3o leve ou poli\u00e9ster leve.<\/strong><\/p>\n<p><strong>Aviamentos: 1 z\u00edper de 25cm \/ 20 cm de entretela adesiva.<\/strong><\/p>\n","protected":false},"featured_media":1161,"comment_status":"open","ping_status":"closed","template":"","meta":[],"product_cat":[52,19],"product_tag":[],"_links":{"self":[{"href":"https:\/\/ateliemoldexato.com.br\/index.php?rest_route=\/wp\/v2\/product\/1166"}],"collection":[{"href":"https:\/\/ateliemoldexato.com.br\/index.php?rest_route=\/wp\/v2\/product"}],"about":[{"href":"https:\/\/ateliemoldexato.com.br\/index.php?rest_route=\/wp\/v2\/types\/product"}],"replies":[{"embeddable":true,"href":"https:\/\/ateliemoldexato.com.br\/index.php?rest_route=%2Fwp%2Fv2%2Fcomments&post=1166"}],"wp:featuredmedia":[{"embeddable":true,"href":"https:\/\/ateliemoldexato.com.br\/index.php?rest_route=\/wp\/v2\/media\/1161"}],"wp:attachment":[{"href":"https:\/\/ateliemoldexato.com.br\/index.php?rest_route=%2Fwp%2Fv2%2Fmedia&parent=1166"}],"wp:term":[{"taxonomy":"product_cat","embeddable":true,"href":"https:\/\/ateliemoldexato.com.br\/index.php?rest_route=%2Fwp%2Fv2%2Fproduct_cat&post=1166"},{"taxonomy":"product_tag","embeddable":true,"href":"https:\/\/ateliemoldexato.com.br\/index.php?rest_route=%2Fwp%2Fv2%2Fproduct_tag&post=1166"}],"curies":[{"name":"wp","href":"https:\/\/api.w.org\/{rel}","templated":true}]}}